{"id":63,"date":"2026-04-26T16:15:16","date_gmt":"2026-04-26T16:15:16","guid":{"rendered":"https:\/\/zonamedicaips.com\/?page_id=63"},"modified":"2026-04-26T18:16:35","modified_gmt":"2026-04-26T18:16:35","slug":"quienes-somos","status":"publish","type":"page","link":"https:\/\/zonamedicaips.com\/index.php\/quienes-somos\/","title":{"rendered":"Quienes Somos"},"content":{"rendered":"\t\t<div data-elementor-type=\"wp-page\" data-elementor-id=\"63\" class=\"elementor elementor-63\" data-elementor-post-type=\"page\">\n\t\t\t\t<div class=\"elementor-element elementor-element-6456984c e-flex e-con-boxed e-con e-parent\" data-id=\"6456984c\" data-element_type=\"container\" data-e-type=\"container\" data-settings=\"{&quot;background_background&quot;:&quot;classic&quot;}\">\n\t\t\t\t\t<div class=\"e-con-inner\">\n\t\t<div class=\"elementor-element elementor-element-6b8b229b e-con-full e-flex e-con e-child\" data-id=\"6b8b229b\" data-element_type=\"container\" data-e-type=\"container\">\n\t\t\t\t<div class=\"elementor-element elementor-element-6a232c73 elementor-widget elementor-widget-elementskit-heading\" data-id=\"6a232c73\" data-element_type=\"widget\" data-e-type=\"widget\" data-widget_type=\"elementskit-heading.default\">\n\t\t\t\t\t<div class=\"ekit-wid-con\" ><div class=\"ekit-heading elementskit-section-title-wraper text_left   ekit_heading_tablet-   ekit_heading_mobile-\"><h3 class=\"elementskit-section-subtitle  \">\n\t\t\t\t\t\tZonamedica\n\t\t\t\t\t<\/h3><h2 class=\"ekit-heading--title elementskit-section-title \">Nuestra Experiencia y Calidad, son nuestra mejor presentaci\u00f3n<\/h2><\/div><\/div>\t\t\t\t<\/div>\n\t\t\t\t<\/div>\n\t\t\t\t\t<\/div>\n\t\t\t\t<\/div>\n\t\t<div class=\"elementor-element elementor-element-39fe5285 e-flex e-con-boxed e-con e-parent\" data-id=\"39fe5285\" data-element_type=\"container\" data-e-type=\"container\">\n\t\t\t\t\t<div class=\"e-con-inner\">\n\t\t<div class=\"elementor-element elementor-element-364062ca e-con-full e-flex e-con e-child\" data-id=\"364062ca\" data-element_type=\"container\" data-e-type=\"container\" data-settings=\"{&quot;background_background&quot;:&quot;classic&quot;}\">\n\t\t<div class=\"elementor-element elementor-element-2c667553 e-con-full e-flex e-con e-child\" data-id=\"2c667553\" data-element_type=\"container\" data-e-type=\"container\">\n\t\t\t\t<div class=\"elementor-element elementor-element-3e87b36 elementor-icon-list--layout-traditional elementor-list-item-link-full_width elementor-widget elementor-widget-icon-list\" data-id=\"3e87b36\" data-element_type=\"widget\" data-e-type=\"widget\" data-widget_type=\"icon-list.default\">\n\t\t\t\t\t\t\t<ul class=\"elementor-icon-list-items\">\n\t\t\t\t\t\t\t<li class=\"elementor-icon-list-item\">\n\t\t\t\t\t\t\t\t\t\t\t<span class=\"elementor-icon-list-icon\">\n\t\t\t\t\t\t\t<svg aria-hidden=\"true\" class=\"e-font-icon-svg e-fas-heartbeat\" viewBox=\"0 0 512 512\" xmlns=\"http:\/\/www.w3.org\/2000\/svg\"><path d=\"M320.2 243.8l-49.7 99.4c-6 12.1-23.4 11.7-28.9-.6l-56.9-126.3-30 71.7H60.6l182.5 186.5c7.1 7.3 18.6 7.3 25.7 0L451.4 288H342.3l-22.1-44.2zM473.7 73.9l-2.4-2.5c-51.5-52.6-135.8-52.6-187.4 0L256 100l-27.9-28.5c-51.5-52.7-135.9-52.7-187.4 0l-2.4 2.4C-10.4 123.7-12.5 203 31 256h102.4l35.9-86.2c5.4-12.9 23.6-13.2 29.4-.4l58.2 129.3 49-97.9c5.9-11.8 22.7-11.8 28.6 0l27.6 55.2H481c43.5-53 41.4-132.3-7.3-182.1z\"><\/path><\/svg>\t\t\t\t\t\t<\/span>\n\t\t\t\t\t\t\t\t\t\t<span class=\"elementor-icon-list-text\">Somos una empresa con m\u00e1s de 18 a\u00f1os de experiencia especializada en brindar soluciones a las necesidades de nuestras empresas clientes en Seguridad y Salud en el Trabajo.<\/span>\n\t\t\t\t\t\t\t\t\t<\/li>\n\t\t\t\t\t\t\t\t<li class=\"elementor-icon-list-item\">\n\t\t\t\t\t\t\t\t\t\t\t<span class=\"elementor-icon-list-icon\">\n\t\t\t\t\t\t\t<svg aria-hidden=\"true\" class=\"e-font-icon-svg e-fas-heartbeat\" viewBox=\"0 0 512 512\" xmlns=\"http:\/\/www.w3.org\/2000\/svg\"><path d=\"M320.2 243.8l-49.7 99.4c-6 12.1-23.4 11.7-28.9-.6l-56.9-126.3-30 71.7H60.6l182.5 186.5c7.1 7.3 18.6 7.3 25.7 0L451.4 288H342.3l-22.1-44.2zM473.7 73.9l-2.4-2.5c-51.5-52.6-135.8-52.6-187.4 0L256 100l-27.9-28.5c-51.5-52.7-135.9-52.7-187.4 0l-2.4 2.4C-10.4 123.7-12.5 203 31 256h102.4l35.9-86.2c5.4-12.9 23.6-13.2 29.4-.4l58.2 129.3 49-97.9c5.9-11.8 22.7-11.8 28.6 0l27.6 55.2H481c43.5-53 41.4-132.3-7.3-182.1z\"><\/path><\/svg>\t\t\t\t\t\t<\/span>\n\t\t\t\t\t\t\t\t\t\t<span class=\"elementor-icon-list-text\">Nuestros servicios se extienden a nivel nacional en m\u00e1s de 120 ciudades y municipios<\/span>\n\t\t\t\t\t\t\t\t\t<\/li>\n\t\t\t\t\t\t\t\t<li class=\"elementor-icon-list-item\">\n\t\t\t\t\t\t\t\t\t\t\t<span class=\"elementor-icon-list-icon\">\n\t\t\t\t\t\t\t<svg aria-hidden=\"true\" class=\"e-font-icon-svg e-fas-heartbeat\" viewBox=\"0 0 512 512\" xmlns=\"http:\/\/www.w3.org\/2000\/svg\"><path d=\"M320.2 243.8l-49.7 99.4c-6 12.1-23.4 11.7-28.9-.6l-56.9-126.3-30 71.7H60.6l182.5 186.5c7.1 7.3 18.6 7.3 25.7 0L451.4 288H342.3l-22.1-44.2zM473.7 73.9l-2.4-2.5c-51.5-52.6-135.8-52.6-187.4 0L256 100l-27.9-28.5c-51.5-52.7-135.9-52.7-187.4 0l-2.4 2.4C-10.4 123.7-12.5 203 31 256h102.4l35.9-86.2c5.4-12.9 23.6-13.2 29.4-.4l58.2 129.3 49-97.9c5.9-11.8 22.7-11.8 28.6 0l27.6 55.2H481c43.5-53 41.4-132.3-7.3-182.1z\"><\/path><\/svg>\t\t\t\t\t\t<\/span>\n\t\t\t\t\t\t\t\t\t\t<span class=\"elementor-icon-list-text\">Contamos con experiencia en todos los sectores de la econom\u00eda (Manufactura, Hidrocarburos, Salud, Farmac\u00e9utico, Construcci\u00f3n, Sector Asegurador, Entidades del Estado, Financiero, Industria Qu\u00edmica, Aviaci\u00f3n, Seguridad Privada y Educaci\u00f3n).<\/span>\n\t\t\t\t\t\t\t\t\t<\/li>\n\t\t\t\t\t\t\t\t<li class=\"elementor-icon-list-item\">\n\t\t\t\t\t\t\t\t\t\t\t<span class=\"elementor-icon-list-icon\">\n\t\t\t\t\t\t\t<svg aria-hidden=\"true\" class=\"e-font-icon-svg e-fas-heartbeat\" viewBox=\"0 0 512 512\" xmlns=\"http:\/\/www.w3.org\/2000\/svg\"><path d=\"M320.2 243.8l-49.7 99.4c-6 12.1-23.4 11.7-28.9-.6l-56.9-126.3-30 71.7H60.6l182.5 186.5c7.1 7.3 18.6 7.3 25.7 0L451.4 288H342.3l-22.1-44.2zM473.7 73.9l-2.4-2.5c-51.5-52.6-135.8-52.6-187.4 0L256 100l-27.9-28.5c-51.5-52.7-135.9-52.7-187.4 0l-2.4 2.4C-10.4 123.7-12.5 203 31 256h102.4l35.9-86.2c5.4-12.9 23.6-13.2 29.4-.4l58.2 129.3 49-97.9c5.9-11.8 22.7-11.8 28.6 0l27.6 55.2H481c43.5-53 41.4-132.3-7.3-182.1z\"><\/path><\/svg>\t\t\t\t\t\t<\/span>\n\t\t\t\t\t\t\t\t\t\t<span class=\"elementor-icon-list-text\">Estamos certificados en las normas: Seguridad y Salud en el Trabajo ISO 45001:2018 y Calidad ISO 9001:2015.<\/span>\n\t\t\t\t\t\t\t\t\t<\/li>\n\t\t\t\t\t\t<\/ul>\n\t\t\t\t\t\t<\/div>\n\t\t\t\t\t\t\t\n\t\t<img class=\"e-image-base \" \n\t\t\t\t\tdata-interaction-id=\"f63db10\" \n\t\t \n\t\t data-e-type=\"widget\" data-id=\"f63db10\"\n\t\t\t\t\t\t\t\t\tid=\"113\"\n\t\t\t\t\t\t\t\t\t\t\t\tsrc=\"https:\/\/zonamedicaips.com\/wp-content\/uploads\/2026\/04\/BUREAU-VERITAS.png\"\n\t\t\t\t\t\t\t\t\t\t\t\twidth=\"300\"\n\t\t\t\t\t\t\t\t\t\t\t\theight=\"141\"\n\t\t\t\t\t\t\t\t\t\t\t\tsrcset=\"\"\n\t\t\t\t\t\t\t\t\t\t\t\talt=\"\"\n\t\t\t\t\t\t\/>\n\t\t\t\t\t<\/div>\n\t\t<div class=\"elementor-element elementor-element-165d67b5 e-con-full e-flex e-con e-child\" data-id=\"165d67b5\" data-element_type=\"container\" data-e-type=\"container\">\n\t\t\t\t<div class=\"elementor-element elementor-element-34096ed2 elementor-widget elementor-widget-image\" data-id=\"34096ed2\" data-element_type=\"widget\" data-e-type=\"widget\" data-widget_type=\"image.default\">\n\t\t\t\t\t\t\t\t\t\t\t\t\t\t\t<img fetchpriority=\"high\" decoding=\"async\" width=\"1330\" height=\"1600\" src=\"https:\/\/zonamedicaips.com\/wp-content\/uploads\/2026\/04\/recepcion-zona-medica-soledad-e1777224478652.webp\" class=\"attachment-full size-full wp-image-95\" alt=\"\" srcset=\"https:\/\/zonamedicaips.com\/wp-content\/uploads\/2026\/04\/recepcion-zona-medica-soledad-e1777224478652.webp 1330w, https:\/\/zonamedicaips.com\/wp-content\/uploads\/2026\/04\/recepcion-zona-medica-soledad-e1777224478652-249x300.webp 249w, https:\/\/zonamedicaips.com\/wp-content\/uploads\/2026\/04\/recepcion-zona-medica-soledad-e1777224478652-851x1024.webp 851w, https:\/\/zonamedicaips.com\/wp-content\/uploads\/2026\/04\/recepcion-zona-medica-soledad-e1777224478652-768x924.webp 768w, https:\/\/zonamedicaips.com\/wp-content\/uploads\/2026\/04\/recepcion-zona-medica-soledad-e1777224478652-1277x1536.webp 1277w\" sizes=\"(max-width: 1330px) 100vw, 1330px\" \/>\t\t\t\t\t\t\t\t\t\t\t\t\t\t\t<\/div>\n\t\t\t\t<\/div>\n\t\t\t\t<\/div>\n\t\t\t\t\t<\/div>\n\t\t\t\t<\/div>\n\t\t<div class=\"elementor-element elementor-element-53923bc3 e-con-full e-flex e-con e-parent\" data-id=\"53923bc3\" data-element_type=\"container\" data-e-type=\"container\">\n\t\t<div class=\"elementor-element elementor-element-7168bec elementor-hidden-tablet elementor-hidden-phone e-con-full e-flex e-con e-child\" data-id=\"7168bec\" data-element_type=\"container\" data-e-type=\"container\" data-settings=\"{&quot;background_background&quot;:&quot;classic&quot;}\">\n\t\t\t\t<\/div>\n\t\t<div class=\"elementor-element elementor-element-1e2fd3e2 e-con-full e-flex e-con e-child\" data-id=\"1e2fd3e2\" data-element_type=\"container\" data-e-type=\"container\" data-settings=\"{&quot;background_background&quot;:&quot;classic&quot;}\">\n\t\t<div class=\"elementor-element elementor-element-3223c76 e-con-full e-flex e-con e-child\" data-id=\"3223c76\" data-element_type=\"container\" data-e-type=\"container\">\n\t\t\t\t<div class=\"elementor-element elementor-element-15336bbf elementor-widget__width-initial elementor-widget-tablet__width-initial elementor-widget-mobile__width-inherit ekit-equal-height-disable elementor-widget elementor-widget-elementskit-icon-box\" data-id=\"15336bbf\" data-element_type=\"widget\" data-e-type=\"widget\" data-widget_type=\"elementskit-icon-box.default\">\n\t\t\t\t\t<div class=\"ekit-wid-con\" >        <!-- link opening -->\n                <a href=\"#\" class=\"ekit_global_links\">\n                <!-- end link opening -->\n\n        <div class=\"elementskit-infobox text-left text-left icon-top-align elementor-animation-   \">\n                    <div class=\"elementskit-box-header elementor-animation-\">\n                <div class=\"elementskit-info-box-icon  \">\n                    <svg xmlns=\"http:\/\/www.w3.org\/2000\/svg\" xmlns:xlink=\"http:\/\/www.w3.org\/1999\/xlink\" id=\"Capa_1\" x=\"0px\" y=\"0px\" viewBox=\"0 0 100 100\" style=\"enable-background:new 0 0 100 100;\" xml:space=\"preserve\"><style type=\"text\/css\">\t.st0{fill:#FFFFFF;}<\/style><g>\t<path class=\"st0\" d=\"M92.4,23.1L92.4,23.1c0.1,0,0.2,0,0.4,0l0.3-0.1c0.3-0.1,0.6-0.3,0.8-0.6c0.2-0.3,0.2-0.7,0.1-1  c-0.2-0.6-0.7-0.9-1.3-0.9c-0.1,0-0.2,0-0.4,0l-0.3,0.1c-0.3,0.1-0.6,0.3-0.8,0.6c-0.2,0.3-0.2,0.7-0.1,1  C91.4,22.7,91.9,23.1,92.4,23.1z\"><\/path>\t<path class=\"st0\" d=\"M36,34.7c0.3-0.1,0.6-0.1,0.9-0.1c1,0,2.1,0.4,3.1,1.2c0.2,0.2,0.5,0.3,0.8,0.3c0.4,0,0.8-0.2,1-0.5  c0.2-0.3,0.3-0.6,0.3-1c0-0.3-0.2-0.7-0.5-0.9c-1-0.8-2-1.3-3-1.6c-0.6-0.1-1.1-0.2-1.7-0.2c-0.6,0-1.1,0.1-1.7,0.2  c-1.1,0.3-2,0.9-2.9,1.8c-0.8,0.8-1.3,1.8-1.8,2.9c-0.8,2.3-0.9,5-0.1,7.6c0.7,2.6,2.2,4.9,4.1,6.4c1,0.8,2,1.3,3,1.6  c1.1,0.3,2.3,0.3,3.4,0c1.1-0.3,2-0.9,2.9-1.8c0.8-0.8,1.3-1.8,1.8-2.9c0.2-0.7-0.1-1.4-0.8-1.7c-0.1,0-0.3-0.1-0.4-0.1  c-0.5,0-1.1,0.4-1.2,0.9c-0.6,1.6-1.6,2.7-2.9,3.1c-0.3,0.1-0.6,0.1-0.9,0.1c-1,0-2.1-0.4-3.1-1.2c-1.5-1.2-2.6-3-3.2-5.1  c-0.6-2.1-0.6-4.3,0.1-6C33.7,36.1,34.7,35,36,34.7z\"><\/path>\t<path class=\"st0\" d=\"M47.6,33.1c0.2,0.4,0.7,0.7,1.2,0.7c0.2,0,0.4-0.1,0.6-0.1c0.6-0.3,0.9-1.1,0.5-1.8c-1.1-2.1-2.4-3.9-3.9-5.5  c-1.5-1.6-3.1-2.9-4.7-4c-1.7-1-3.5-1.7-5.3-2.1c-0.8-0.1-1.5-0.2-2.3-0.2c-1.1,0-2.2,0.2-3.3,0.5c-2.2,0.6-4.1,1.8-5.8,3.6  c-1.6,1.7-2.8,3.8-3.6,6.2c-1.7,5-1.7,10.9-0.1,16.8c1.6,5.8,4.8,10.9,8.9,14.2c2,1.7,4.2,2.8,6.4,3.4c2.3,0.6,4.6,0.7,6.8,0  c1.8-0.5,3.4-1.4,4.8-2.7c1.4-1.2,2.5-2.7,3.5-4.5c0.9-1.8,1.6-3.7,2-5.9c0.4-2.1,0.5-4.4,0.4-6.7c0-0.7-0.6-1.2-1.3-1.2  c-0.4,0-0.7,0.2-1,0.4c-0.2,0.3-0.3,0.6-0.3,0.9c0.2,4.2-0.5,8.2-2.1,11.3c-1.6,3.1-3.9,5.1-6.7,5.9c-0.8,0.2-1.7,0.3-2.5,0.3  c-2.8,0-5.6-1.2-8.3-3.3c-3.7-3-6.5-7.6-8-12.9C22,41.1,22,35.7,23.5,31.3c1.5-4.3,4.2-7.2,7.7-8.2c0.8-0.2,1.7-0.4,2.6-0.4  c2.1,0,4.2,0.6,6.2,1.9C43,26.4,45.7,29.4,47.6,33.1z\"><\/path>\t<path class=\"st0\" d=\"M58.3,42.1c-0.3,0.1-0.6,0.2-0.9,0.5c-0.2,0.3-0.3,0.6-0.2,1C58.3,51,57.5,58.3,55,64  c-2.5,5.7-6.5,9.5-11.3,10.9c-1.3,0.4-2.6,0.5-4,0.5c-4.6,0-9.4-1.9-13.7-5.4c-6-4.8-10.7-12.2-13.1-20.6  C10.5,41,10.6,32.3,13.2,25c2.5-7,7.1-11.8,12.6-13.4c1.3-0.4,2.6-0.5,4-0.5c3.7,0,7.6,1.3,11.3,3.8c5.1,3.5,9.5,9.2,12.5,16  c0.2,0.5,0.7,0.8,1.2,0.8c0.2,0,0.3,0,0.5-0.1c0.3-0.1,0.6-0.4,0.7-0.7c0.1-0.3,0.1-0.7,0-1c-1.6-3.6-3.6-7-5.9-9.9  c-2.3-2.9-4.8-5.3-7.5-7.2c-2.8-1.9-5.7-3.2-8.6-3.9c-1.4-0.3-2.8-0.5-4.1-0.5c-1.6,0-3.2,0.2-4.8,0.7c-3.3,0.9-6.2,2.8-8.7,5.4  c-2.4,2.6-4.3,5.8-5.7,9.6c-1.4,3.8-2.1,7.9-2.2,12.3c-0.1,4.6,0.5,9.2,1.8,13.7c1.3,4.5,3.2,8.8,5.7,12.6c2.4,3.7,5.2,6.8,8.3,9.3  c3.1,2.5,6.5,4.3,9.8,5.2c1.8,0.5,3.6,0.8,5.4,0.8h0c1.7,0,3.3-0.2,4.9-0.7c2.9-0.8,5.5-2.3,7.7-4.5c2.1-2.1,3.9-4.7,5.3-7.9  c1.3-3.1,2.2-6.5,2.6-10.2c0.4-3.8,0.3-7.7-0.2-11.6C59.7,42.5,59,42,58.3,42.1z\"><\/path>\t<path class=\"st0\" d=\"M81.6,30.1l0.2-4.9c0-0.4-0.2-0.8-0.5-1.1c-0.2-0.2-0.5-0.3-0.8-0.3c-0.1,0-0.3,0-0.4,0.1l-9.2,3.3  c-0.3,0.1-0.5,0.3-0.7,0.6l-2.8,5l-28.9,8.1c-0.7,0.2-1.1,0.9-0.9,1.6c0.2,0.5,0.7,0.9,1.3,0.9c0.1,0,0.2,0,0.3,0L68,35.2l5,2.8  c0.3,0.2,0.6,0.2,0.9,0.1l9.6-2c0.4-0.1,0.8-0.4,0.9-0.8c0.2-0.4,0.1-0.9-0.1-1.2L81.6,30.1z M73.9,35.5L70,33.3l2.2-3.9l6.9-2.5  L79,30.4c0,0.3,0.1,0.5,0.2,0.8l1.9,2.8L73.9,35.5z\"><\/path>\t<path class=\"st0\" d=\"M88.7,23.7c0.2-0.3,0.2-0.7,0.1-1c-0.2-0.6-0.7-0.9-1.3-0.9c-0.1,0-0.2,0-0.4,0l-1.6,0.4  c-0.3,0.1-0.6,0.3-0.8,0.6c-0.2,0.3-0.2,0.7-0.1,1c0.2,0.5,0.7,0.9,1.3,0.9V25l0-0.1c0.1,0,0.2,0,0.3,0l1.6-0.4  C88.3,24.2,88.6,24,88.7,23.7z\"><\/path>\t<path class=\"st0\" d=\"M96.9,31c-0.2-0.6-0.7-0.9-1.3-0.9c-0.1,0-0.2,0-0.4,0l-5.9,1.7c-0.3,0.1-0.6,0.3-0.8,0.6  c-0.2,0.3-0.2,0.7-0.1,1c0.2,0.5,0.7,0.9,1.3,0.9v0.1l0-0.1c0.1,0,0.2,0,0.3,0l5.9-1.7C96.6,32.4,97.1,31.7,96.9,31z\"><\/path>\t<path class=\"st0\" d=\"M25.3,78.4c-0.1,0-0.2,0-0.3,0c-0.6,0-1.1,0.4-1.3,1l-2.9,11c-0.2,0.7,0.2,1.4,0.9,1.6c0.1,0,0.2,0,0.3,0  c0.6,0,1.1-0.4,1.3-1l2.9-11c0.1-0.3,0-0.7-0.1-1C25.9,78.7,25.7,78.5,25.3,78.4z\"><\/path>\t<path class=\"st0\" d=\"M52,80.6c-0.2-0.5-0.7-0.9-1.2-0.9c-0.1,0-0.3,0-0.4,0.1c-0.7,0.2-1,1-0.8,1.7l3.5,9.6  c0.2,0.5,0.7,0.9,1.2,0.9c0.1,0,0.3,0,0.4-0.1c0.3-0.1,0.6-0.4,0.7-0.7c0.1-0.3,0.2-0.7,0-1L52,80.6z\"><\/path>\t<path class=\"st0\" d=\"M40.5,83.9c-0.7,0-1.3,0.6-1.3,1.3v5.5c0,0.7,0.6,1.3,1.3,1.3c0.7,0,1.3-0.6,1.3-1.3v-5.5  C41.8,84.5,41.3,83.9,40.5,83.9z\"><\/path><\/g><\/svg>\n                <\/div>\n          <\/div>\n                        <div class=\"box-body\">\n                            <h3 class=\"elementskit-info-box-title\">\n                    Nuestra Misi\u00f3n                <\/h3>\n                        \t\t  \t<p>Somos una empresa que brinda servicios integrales de Seguridad y Salud en el Trabajo, con fundamento en la \u00e9tica, calidad y respeto por la dignidad humana, con un equipo de profesionales comprometido en ofrecer un mejoramiento e\ufb01caz de las condiciones de salud de la poblaci\u00f3n.<\/p>\n                                <\/div>\n        \n        \n                <\/div>\n                <\/a>\n        <\/div>\t\t\t\t<\/div>\n\t\t\t\t<\/div>\n\t\t<div class=\"elementor-element elementor-element-d4078e4 e-con-full e-flex e-con e-child\" data-id=\"d4078e4\" data-element_type=\"container\" data-e-type=\"container\">\n\t\t\t\t<div class=\"elementor-element elementor-element-aa24bfb elementor-widget__width-initial elementor-widget-tablet__width-initial elementor-widget-mobile__width-inherit ekit-equal-height-disable elementor-widget elementor-widget-elementskit-icon-box\" data-id=\"aa24bfb\" data-element_type=\"widget\" data-e-type=\"widget\" data-widget_type=\"elementskit-icon-box.default\">\n\t\t\t\t\t<div class=\"ekit-wid-con\" >        <!-- link opening -->\n                <a href=\"#\" class=\"ekit_global_links\">\n                <!-- end link opening -->\n\n        <div class=\"elementskit-infobox text-left text-left icon-top-align elementor-animation-   \">\n                    <div class=\"elementskit-box-header elementor-animation-\">\n                <div class=\"elementskit-info-box-icon  \">\n                    <svg xmlns=\"http:\/\/www.w3.org\/2000\/svg\" xmlns:xlink=\"http:\/\/www.w3.org\/1999\/xlink\" id=\"Capa_1\" x=\"0px\" y=\"0px\" viewBox=\"0 0 300 300\" style=\"enable-background:new 0 0 300 300;\" xml:space=\"preserve\"><style type=\"text\/css\">\t.st0{fill:#FFFFFF;}<\/style><g>\t<path class=\"st0\" d=\"M265.1,184.3c-3.5-4.5-8.9-7.1-14.6-7.1c-4.2,0-8.1,1.4-11.4,3.9l-21.7,17.1c-0.9,0.7-1.5,1.7-1.6,2.8  c-0.1,1.1,0.2,2.2,0.9,3.1c0.8,1,2,1.6,3.3,1.6c0.9,0,1.8-0.3,2.6-0.9l21.7-17.1c1.8-1.4,4-2.2,6.2-2.2c3.1,0,6.1,1.4,8,3.9  c1.7,2.1,2.4,4.8,2.1,7.5c-0.3,2.7-1.7,5.1-3.8,6.8l-65.6,51.5c-0.8,0.6-1.6,1.1-2.5,1.4c-1.3,0.5-2.8,0.8-4.3,0.7l-0.1,0  l-68.1-13.9c-0.2,0-0.3-0.1-0.5-0.1c-0.7-0.1-1.3-0.1-2-0.1c-4.2,0-8.1,1.4-11.4,4l-4.2,3.3L69,213.2l29.6-23.3  c3.8-2.9,8.3-4.5,13-4.5c0.7,0,1.5,0,2.3,0.1l0.1,0l73.5,17.5l0.1,0c5.3,1.3,8.7,6.6,7.6,11.9c-0.6,2.6-2.1,4.8-4.4,6.2  c-2.3,1.4-5,1.9-7.7,1.3c0,0-0.1,0-0.1,0l-35.8-6.6c-0.3,0-0.5-0.1-0.8-0.1c-2,0-3.8,1.5-4.1,3.5c-0.2,1.2,0.1,2.4,0.8,3.4  c0.6,0.8,1.5,1.4,2.6,1.5l35.8,6.6c4.8,1,9.7,0.1,13.8-2.5c4.2-2.6,7.1-6.7,8.1-11.5c2.1-9.7-4.1-19.6-13.9-21.9l-0.1,0l-73.4-17.4  c-0.3-0.1-0.5-0.1-0.8-0.2c-1.2-0.1-2.4-0.2-3.6-0.2c-6.6,0-12.9,2.2-18.2,6.3l-29.6,23.3l-3.4-4.3c-0.8-1-2-1.6-3.3-1.6  c-0.9,0-1.8,0.3-2.6,0.9L24.6,225c-1.8,1.4-2.1,4.1-0.7,5.9l28.7,36.6c0.8,1,2,1.6,3.3,1.6c0.9,0,1.8-0.3,2.6-0.9  c1.8-1.4,2.1-4.1,0.7-5.9L33.1,229l23.2-18.2l41.2,52.6l-23.2,18.2l-1.6-2c-0.8-1-2-1.6-3.3-1.6c-0.9,0-1.8,0.3-2.6,0.9  c-0.9,0.7-1.4,1.7-1.6,2.8c-0.1,1.1,0.2,2.2,0.9,3.1l4.2,5.3c0.8,1,2,1.6,3.3,1.6c0.9,0,1.8-0.3,2.6-0.9l29.9-23.4  c1.8-1.4,2.1-4.1,0.7-5.9l-3.4-4.4l4.2-3.3c2-1.6,4.5-2.3,7.1-2.1l0.1,0l68.2,14c0.1,0,0.2,0,0.2,0l0.1,0c0.1,0,0.1,0,0.2,0l0.1,0  c0.5,0,0.9,0.1,1.4,0.1c2.4,0,4.7-0.5,6.9-1.3c1.6-0.7,3.2-1.5,4.6-2.6l65.6-51.5C270,204,271.4,192.3,265.1,184.3z\"><\/path>\t<path class=\"st0\" d=\"M108.1,165.8c0.7,0.6,1.6,0.9,2.5,0.9c1.3,0,2.6-0.6,3.4-1.7l35.9-47.7l8.1,15.9c0.5,1.1,1.5,1.9,2.7,2.2  c1.1,0.3,2.4,0.1,3.4-0.5l12.4-7.9l16.5,24.6c0.8,1.2,2.2,1.9,3.7,1.9c1.5-0.1,2.8-0.9,3.5-2.1l13.8-24.2l30.3,38.2  c0.8,1,2,1.6,3.3,1.6c1,0,1.9-0.3,2.6-0.9c1.8-1.5,2.1-4.1,0.7-5.9l-69-87.1V50.5h38.6c2.3,0,4.2-1.9,4.2-4.2  c0-1.1-0.4-2.1-1.1-2.8l-10.1-12.1l10.2-12.3c1-1.3,1.3-3,0.6-4.5c-0.7-1.5-2.2-2.4-3.8-2.4h-42.8c-2.3,0-4.2,1.9-4.2,4.2v55.6  l-0.1,0.1l-66.1,87.8c-0.7,0.9-1,2-0.8,3.1C106.6,164.1,107.2,165.1,108.1,165.8z M181.9,20.6h29.6l-6.7,8c-1.3,1.6-1.3,3.8,0,5.4  l6.7,8h-29.6V20.6z M177.4,80.7l30.9,39L196.2,141l-15-22.4c-0.8-1.2-2.1-1.9-3.5-1.9c-0.8,0-1.6,0.2-2.3,0.7l-11.9,7.6l-7.8-15.4  L177.4,80.7z\"><\/path><\/g><\/svg>\n                <\/div>\n          <\/div>\n                        <div class=\"box-body\">\n                            <h3 class=\"elementskit-info-box-title\">\n                    Nuestra Misi\u00f3n                <\/h3>\n                        \t\t  \t<p>Nos consolidaremos en el a\u00f1o 2026 como una empresa l\u00edder a nivel nacional en la prestaci\u00f3n de servicios de Salud y Seguridad en el Trabajo, seremos el proveedor por elecci\u00f3n de las empresas que requieran servicios integrales en SGSST<\/p>\n                                <\/div>\n        \n        \n                <\/div>\n                <\/a>\n        <\/div>\t\t\t\t<\/div>\n\t\t\t\t<\/div>\n\t\t\t\t<\/div>\n\t\t\t\t<\/div>\n\t\t\t\t<\/div>\n\t\t\n    <div class=\"xs_social_share_widget xs_share_url after_content \t\tmain_content  wslu-style-1 wslu-share-box-shaped wslu-fill-colored wslu-none wslu-share-horizontal wslu-theme-font-no wslu-main_content\">\n\n\t\t\n        <ul>\n\t\t\t        <\/ul>\n    <\/div> \n","protected":false},"excerpt":{"rendered":"<p>Zonamedica Nuestra Experiencia y Calidad, son nuestra mejor presentaci\u00f3n Somos una empresa con m\u00e1s de 18 a\u00f1os de experiencia especializada en brindar soluciones a las necesidades de nuestras empresas clientes en Seguridad y Salud en el Trabajo. Nuestros servicios se extienden a nivel nacional en m\u00e1s de 120 ciudades y municipios Contamos con experiencia en [&hellip;]<\/p>\n","protected":false},"author":1,"featured_media":0,"parent":0,"menu_order":0,"comment_status":"closed","ping_status":"closed","template":"elementor_header_footer","meta":{"postBodyCss":"","postBodyMargin":[],"postBodyPadding":[],"postBodyBackground":{"backgroundType":"classic","gradient":""},"footnotes":""},"class_list":["post-63","page","type-page","status-publish","hentry"],"_links":{"self":[{"href":"https:\/\/zonamedicaips.com\/index.php\/wp-json\/wp\/v2\/pages\/63","targetHints":{"allow":["GET"]}}],"collection":[{"href":"https:\/\/zonamedicaips.com\/index.php\/wp-json\/wp\/v2\/pages"}],"about":[{"href":"https:\/\/zonamedicaips.com\/index.php\/wp-json\/wp\/v2\/types\/page"}],"author":[{"embeddable":true,"href":"https:\/\/zonamedicaips.com\/index.php\/wp-json\/wp\/v2\/users\/1"}],"replies":[{"embeddable":true,"href":"https:\/\/zonamedicaips.com\/index.php\/wp-json\/wp\/v2\/comments?post=63"}],"version-history":[{"count":31,"href":"https:\/\/zonamedicaips.com\/index.php\/wp-json\/wp\/v2\/pages\/63\/revisions"}],"predecessor-version":[{"id":156,"href":"https:\/\/zonamedicaips.com\/index.php\/wp-json\/wp\/v2\/pages\/63\/revisions\/156"}],"wp:attachment":[{"href":"https:\/\/zonamedicaips.com\/index.php\/wp-json\/wp\/v2\/media?parent=63"}],"curies":[{"name":"wp","href":"https:\/\/api.w.org\/{rel}","templated":true}]}}